{"id":1293,"date":"2018-01-02T23:36:23","date_gmt":"2018-01-02T23:36:23","guid":{"rendered":"http:\/\/www.montessorivalparaiso.org\/wawauta\/?post_type=tribe_events&#038;p=1293"},"modified":"2018-01-25T14:33:07","modified_gmt":"2018-01-25T14:33:07","slug":"periodo-de-formacion-de-guias","status":"publish","type":"tribe_events","link":"https:\/\/www.montessorivalparaiso.org\/wawauta\/eventos\/periodo-de-formacion-de-guias\/","title":{"rendered":"Per\u00edodo de Formaci\u00f3n de Gu\u00edas"},"content":{"rendered":"<p>Durante estas fechas nuestros gu\u00edas de ambos niveles se formar\u00e1n y actualizar\u00e1n sus contenidos. Nuestra directora ser\u00e1 la relatora y traspasar\u00e1 los contenidos obtenidos en su formaci\u00f3n AMI en <a href=\"http:\/\/www.cursosmontessori.com\/ES\/2\/1\/cursos_que_ofrecemos\/curso_internacional_ami_diploma_primaria_6_12.html\">MIRTC<\/a>, Girona, Espa\u00f1a.<\/p>\n<p>&nbsp;<\/p>\n<p><a href=\"https:\/\/www.montessorivalparaiso.org\/wawauta\/wp-content\/uploads\/2016\/08\/MIRTC_1.jpg\"><img loading=\"lazy\" decoding=\"async\" class=\"alignnone size-large wp-image-981\" src=\"https:\/\/www.montessorivalparaiso.org\/wawauta\/wp-content\/uploads\/2016\/08\/MIRTC_1-1024x683.jpg\" alt=\"\" width=\"1024\" height=\"683\" srcset=\"https:\/\/www.montessorivalparaiso.org\/wawauta\/wp-content\/uploads\/2016\/08\/MIRTC_1-1024x683.jpg 1024w, https:\/\/www.montessorivalparaiso.org\/wawauta\/wp-content\/uploads\/2016\/08\/MIRTC_1-300x200.jpg 300w, https:\/\/www.montessorivalparaiso.org\/wawauta\/wp-content\/uploads\/2016\/08\/MIRTC_1-768x512.jpg 768w, https:\/\/www.montessorivalparaiso.org\/wawauta\/wp-content\/uploads\/2016\/08\/MIRTC_1-150x100.jpg 150w, https:\/\/www.montessorivalparaiso.org\/wawauta\/wp-content\/uploads\/2016\/08\/MIRTC_1.jpg 2048w\" sizes=\"auto, (max-width: 1024px) 100vw, 1024px\" \/><\/a><\/p>\n","protected":false},"excerpt":{"rendered":"<p>Durante estas fechas nuestros gu\u00edas de ambos niveles se formar\u00e1n y actualizar\u00e1n sus contenidos. Nuestra directora ser\u00e1 la relatora y traspasar\u00e1 los contenidos obtenidos en su formaci\u00f3n AMI en MIRTC, Girona, Espa\u00f1a. &nbsp;<\/p>\n","protected":false},"author":2,"featured_media":1446,"template":"","meta":{"_tribe_events_status":"","_tribe_events_status_reason":"","footnotes":""},"tags":[21,20],"tribe_events_cat":[18],"class_list":["post-1293","tribe_events","type-tribe_events","status-publish","has-post-thumbnail","hentry","tag-ami","tag-fomacion","tribe_events_cat-general","cat_general","odd"],"_links":{"self":[{"href":"https:\/\/www.montessorivalparaiso.org\/wawauta\/wp-json\/wp\/v2\/tribe_events\/1293","targetHints":{"allow":["GET"]}}],"collection":[{"href":"https:\/\/www.montessorivalparaiso.org\/wawauta\/wp-json\/wp\/v2\/tribe_events"}],"about":[{"href":"https:\/\/www.montessorivalparaiso.org\/wawauta\/wp-json\/wp\/v2\/types\/tribe_events"}],"author":[{"embeddable":true,"href":"https:\/\/www.montessorivalparaiso.org\/wawauta\/wp-json\/wp\/v2\/users\/2"}],"version-history":[{"count":0,"href":"https:\/\/www.montessorivalparaiso.org\/wawauta\/wp-json\/wp\/v2\/tribe_events\/1293\/revisions"}],"wp:featuredmedia":[{"embeddable":true,"href":"https:\/\/www.montessorivalparaiso.org\/wawauta\/wp-json\/wp\/v2\/media\/1446"}],"wp:attachment":[{"href":"https:\/\/www.montessorivalparaiso.org\/wawauta\/wp-json\/wp\/v2\/media?parent=1293"}],"wp:term":[{"taxonomy":"post_tag","embeddable":true,"href":"https:\/\/www.montessorivalparaiso.org\/wawauta\/wp-json\/wp\/v2\/tags?post=1293"},{"taxonomy":"tribe_events_cat","embeddable":true,"href":"https:\/\/www.montessorivalparaiso.org\/wawauta\/wp-json\/wp\/v2\/tribe_events_cat?post=1293"}],"curies":[{"name":"wp","href":"https:\/\/api.w.org\/{rel}","templated":true}]}}

Período de Formación de Guías

<p>Durante estas fechas nuestros guías de ambos niveles se formarán y actualizarán sus contenidos. Nuestra directora será la relatora y traspasará los contenidos obtenidos en su formación AMI en <a href="http://www.cursosmontessori.com/ES/2/1/cursos_que_ofrecemos/curso_internacional_ami_diploma_primaria_6_12.html">MIRTC</a>, Girona, España.</p>
<p>&nbsp;</p>
<p><a href="https://www.montessorivalparaiso.org/wawauta/wp-content/uploads/2016/08/MIRTC_1.jpg"><img loading="lazy" decoding="async" class="alignnone size-large wp-image-981" src="https://www.montessorivalparaiso.org/wawauta/wp-content/uploads/2016/08/MIRTC_1-1024x683.jpg" alt="" width="1024" height="683" srcset="https://www.montessorivalparaiso.org/wawauta/wp-content/uploads/2016/08/MIRTC_1-1024x683.jpg 1024w, https://www.montessorivalparaiso.org/wawauta/wp-content/uploads/2016/08/MIRTC_1-300x200.jpg 300w, https://www.montessorivalparaiso.org/wawauta/wp-content/uploads/2016/08/MIRTC_1-768x512.jpg 768w, https://www.montessorivalparaiso.org/wawauta/wp-content/uploads/2016/08/MIRTC_1-150x100.jpg 150w, https://www.montessorivalparaiso.org/wawauta/wp-content/uploads/2016/08/MIRTC_1.jpg 2048w" sizes="auto, (max-width: 1024px) 100vw, 1024px" /></a></p>

<p>Durante estas fechas nuestros guías de ambos niveles se formarán y actualizarán sus contenidos. Nuestra directora será la relatora y traspasará los contenidos obtenidos en su formación AMI en MIRTC, Girona, España. &nbsp;</p>
