{"id":1160,"date":"2017-02-16T12:55:59","date_gmt":"2017-02-16T12:55:59","guid":{"rendered":"http:\/\/ed.aislinthemes.com\/?page_id=860"},"modified":"2023-09-26T13:23:33","modified_gmt":"2023-09-26T16:23:33","slug":"parvulario-wawauta","status":"publish","type":"page","link":"https:\/\/www.montessorivalparaiso.org\/wawauta\/programa-montessori\/parvulario-wawauta\/","title":{"rendered":"Casa de Ni\u00f1os"},"content":{"rendered":"<p>[vc_row css=&#8221;.vc_custom_1487250199380{margin-bottom: 35px !important;}&#8221;][vc_column css=&#8221;.vc_custom_1490018662966{margin-bottom: 0px !important;}&#8221;][vc_custom_heading text=&#8221;Parvulario Casa de Ni\u00f1os \/ Wawa Uta&#8221; font_container=&#8221;tag:h1|text_align:left&#8221; use_theme_fonts=&#8221;yes&#8221; css=&#8221;.vc_custom_1521047688733{margin-top: 0px !important;margin-bottom: 20px !important;}&#8221;][vc_custom_heading text=&#8221;Nuestro nivel de p\u00e1rvulos \u201cWawa Uta, Casa de ni\u00f1os\u201d, est\u00e1 dirigido a ni\u00f1@s de 3 a 6 a\u00f1os de edad, quienes son descritos por la Dra. Montessori como poseedores de &#8220;mentes absorbentes&#8220;.&#8221; font_container=&#8221;tag:h4|text_align:left&#8221; use_theme_fonts=&#8221;yes&#8221;][vc_single_image image=&#8221;1717&#8243; img_size=&#8221;large&#8221; alignment=&#8221;center&#8221; css_animation=&#8221;fadeIn&#8221;][\/vc_column][\/vc_row][vc_row][vc_column width=&#8221;1\/2&#8243; css=&#8221;.vc_custom_1459847672941{margin-bottom: 0px !important;}&#8221;][vc_custom_heading text=&#8221;3 primeros a\u00f1os&#8221; font_container=&#8221;tag:h4|text_align:left&#8221; use_theme_fonts=&#8221;yes&#8221; link=&#8221;url:%23||&#8221; css=&#8221;.vc_custom_1514410282984{margin-top: 0px !important;}&#8221;][vc_column_text css=&#8221;.vc_custom_1517106309084{padding-right: 20px !important;}&#8221;]Un aut\u00e9ntico preescolar Montessori es un ciclo de tres a\u00f1os dise\u00f1ado para involucrar a los ni\u00f1os de 3 a 6 a\u00f1os de edad.\u00a0Las actividades en el primer a\u00f1o sientan una base importante para el aprendizaje futuro.\u00a0Durante los siguientes dos a\u00f1os, las actividades y lecciones se construir\u00e1n a su propio ritmo.\u00a0Los padres a menudo se asombran cuando un ni\u00f1o &#8220;explota&#8221; en lectura, escritura y matem\u00e1ticas durante el \u00faltimo a\u00f1o.\u00a0Puede parecer m\u00e1gico, pero en realidad es la culminaci\u00f3n de los dos primeros a\u00f1os en el aula de Primaria.\u00a0Al comenzar desde los 3 a\u00f1os y permanecer en la comunidad de la clase durante tres a\u00f1os, los ni\u00f1@s Montessori tienen una experiencia educativa inspiradora.[\/vc_column_text][\/vc_column][vc_column width=&#8221;1\/2&#8243; css=&#8221;.vc_custom_1490170360438{margin-bottom: 0px !important;}&#8221;][vc_single_image image=&#8221;1718&#8243; img_size=&#8221;full&#8221; css_animation=&#8221;fadeIn&#8221;][\/vc_column][\/vc_row][vc_row][vc_column width=&#8221;1\/2&#8243; css=&#8221;.vc_custom_1459847629856{margin-bottom: 0px !important;}&#8221;][vc_custom_heading text=&#8221;Ambiente preparado&#8221; font_container=&#8221;tag:h4|text_align:left&#8221; use_theme_fonts=&#8221;yes&#8221; link=&#8221;url:%23||&#8221; css=&#8221;.vc_custom_1514408020079{margin-top: 0px !important;}&#8221;][vc_column_text css=&#8221;.vc_custom_1517106593984{padding-right: 20px !important;}&#8221;]El aula Montessori es un ambiente preparado por el adulto para los ni\u00f1@s.\u00a0Contiene todos los elementos esenciales para un desarrollo \u00f3ptimo, no habr\u00e1 nada superfluo.\u00a0Todo es del tama\u00f1o de un ni\u00f1@ para mejorar el funcionamiento independiente de cada un@.\u00a0Un adulto entrenado y un grupo lo suficientemente grande de ni\u00f1os de edades mixtas constituyen una parte vital del entorno preparado.\u00a0Contamos con salones implementados completamente con material\u00a0did\u00e1ctico Montessori para cada \u00e1rea de trabajo inicial. A saber: Vida Pr\u00e1ctica, Sensorial,\u00a0Matem\u00e1ticas y Lenguaje.[\/vc_column_text][\/vc_column][vc_column width=&#8221;1\/2&#8243;][vc_single_image image=&#8221;1716&#8243; img_size=&#8221;full&#8221; css_animation=&#8221;fadeIn&#8221;][\/vc_column][\/vc_row][vc_row css=&#8221;.vc_custom_1459427754259{padding-top: 20px !important;}&#8221;][vc_column css=&#8221;.vc_custom_1490170363831{margin-bottom: 0px !important;}&#8221;][vc_separator border_width=&#8221;4&#8243;][\/vc_column][\/vc_row][vc_row][vc_column][vc_images_carousel images=&#8221;2171,2172&#8243; img_size=&#8221;full&#8221;][\/vc_column][\/vc_row][vc_row css=&#8221;.vc_custom_1487773030229{margin-bottom: 35px !important;}&#8221;][vc_column width=&#8221;1\/3&#8243;]\n\t\t\t\t\t<div class=\"wh-theme-icon vc_custom_1514410998990  scp_theme_icon-0713a6c9c4a2d000435373e07253cd2c\">\n\t\t\t\t<i class=\"icon-edfood5\"><\/i>\n\t\t\t<\/div>\n\t\t\t\t[vc_custom_heading text=&#8221;Alimentaci\u00f3n&#8221; font_container=&#8221;tag:h5|text_align:left|color:%23000000&#8243; use_theme_fonts=&#8221;yes&#8221; css=&#8221;.vc_custom_1514411015237{margin-bottom: 10px !important;padding-left: 75px !important;}&#8221;][vc_custom_heading text=&#8221;Incluye colaci\u00f3n de ma\u00f1ana (fruta) y almuerzo&#8221; font_container=&#8221;tag:p|text_align:left|color:%23aeafaf&#8221; use_theme_fonts=&#8221;yes&#8221; css=&#8221;.vc_custom_1514411052285{padding-left: 75px !important;}&#8221;][\/vc_column][vc_column width=&#8221;1\/3&#8243;]\n\t\t\t\t\t<div class=\"wh-theme-icon vc_custom_1486996674798  scp_theme_icon-5ff5c6087ce7024c68caf8bf43f2361b\">\n\t\t\t\t<i class=\"icon-edtime\"><\/i>\n\t\t\t<\/div>\n\t\t\t\t[vc_custom_heading text=&#8221;Horario&#8221; font_container=&#8221;tag:h5|text_align:left|color:%23000000&#8243; use_theme_fonts=&#8221;yes&#8221; css=&#8221;.vc_custom_1514410842049{margin-bottom: 10px !important;padding-left: 75px !important;}&#8221;][vc_custom_heading text=&#8221;Lunes a jueves de 8:00 a 15:30hrs. Viernes de 8:00 a 13:00hrs&#8221; font_container=&#8221;tag:p|text_align:left|color:%23aeafaf&#8221; use_theme_fonts=&#8221;yes&#8221; css=&#8221;.vc_custom_1676891685293{padding-left: 75px !important;}&#8221;][\/vc_column][vc_column width=&#8221;1\/3&#8243; css=&#8221;.vc_custom_1491471615057{margin-bottom: 0px !important;}&#8221;]\n\t\t\t\t\t<div class=\"wh-theme-icon vc_custom_1514411743372  scp_theme_icon-03a1d5a6406f4a3920144477c0492bfc\">\n\t\t\t\t<i class=\"icon-edic_accessibility\"><\/i>\n\t\t\t<\/div>\n\t\t\t\t[vc_custom_heading text=&#8221;Capacidad&#8221; font_container=&#8221;tag:h5|text_align:left|color:%23000000&#8243; use_theme_fonts=&#8221;yes&#8221; css=&#8221;.vc_custom_1514411764580{margin-bottom: 10px !important;padding-left: 75px !important;}&#8221;][vc_custom_heading text=&#8221;25 ni\u00f1os por nivel.&#8221; font_container=&#8221;tag:p|text_align:left|color:%23aeafaf&#8221; use_theme_fonts=&#8221;yes&#8221; css=&#8221;.vc_custom_1562264567247{padding-left: 75px !important;}&#8221;][\/vc_column][\/vc_row]<\/p>\n","protected":false},"excerpt":{"rendered":"<p>[vc_row css=&#8221;.vc_custom_1487250199380{margin-bottom: 35px !important;}&#8221;][vc_column css=&#8221;.vc_custom_1490018662966{margin-bottom: 0px !important;}&#8221;][vc_custom_heading text=&#8221;Parvulario Casa de Ni\u00f1os \/ Wawa Uta&#8221; font_container=&#8221;tag:h1|text_align:left&#8221; use_theme_fonts=&#8221;yes&#8221; css=&#8221;.vc_custom_1521047688733{margin-top: 0px !important;margin-bottom: 20px !important;}&#8221;][vc_custom_heading text=&#8221;Nuestro nivel de p\u00e1rvulos \u201cWawa Uta, Casa de ni\u00f1os\u201d, est\u00e1 dirigido a ni\u00f1@s de 3 a 6 a\u00f1os de edad, quienes son descritos por&nbsp;<a href=\"https:\/\/www.montessorivalparaiso.org\/wawauta\/programa-montessori\/parvulario-wawauta\/\">&hellip;<\/a><\/p>\n","protected":false},"author":2,"featured_media":0,"parent":1149,"menu_order":1,"comment_status":"closed","ping_status":"closed","template":"template-sidebar-right-childpages.php","meta":{"footnotes":""},"class_list":["post-1160","page","type-page","status-publish","hentry","odd"],"_links":{"self":[{"href":"https:\/\/www.montessorivalparaiso.org\/wawauta\/wp-json\/wp\/v2\/pages\/1160","targetHints":{"allow":["GET"]}}],"collection":[{"href":"https:\/\/www.montessorivalparaiso.org\/wawauta\/wp-json\/wp\/v2\/pages"}],"about":[{"href":"https:\/\/www.montessorivalparaiso.org\/wawauta\/wp-json\/wp\/v2\/types\/page"}],"author":[{"embeddable":true,"href":"https:\/\/www.montessorivalparaiso.org\/wawauta\/wp-json\/wp\/v2\/users\/2"}],"replies":[{"embeddable":true,"href":"https:\/\/www.montessorivalparaiso.org\/wawauta\/wp-json\/wp\/v2\/comments?post=1160"}],"version-history":[{"count":0,"href":"https:\/\/www.montessorivalparaiso.org\/wawauta\/wp-json\/wp\/v2\/pages\/1160\/revisions"}],"up":[{"embeddable":true,"href":"https:\/\/www.montessorivalparaiso.org\/wawauta\/wp-json\/wp\/v2\/pages\/1149"}],"wp:attachment":[{"href":"https:\/\/www.montessorivalparaiso.org\/wawauta\/wp-json\/wp\/v2\/media?parent=1160"}],"curies":[{"name":"wp","href":"https:\/\/api.w.org\/{rel}","templated":true}]}}