{"id":1153,"date":"2017-02-21T12:31:28","date_gmt":"2017-02-21T12:31:28","guid":{"rendered":"http:\/\/ed.aislinthemes.com\/?page_id=1133"},"modified":"2025-11-29T12:41:45","modified_gmt":"2025-11-29T15:41:45","slug":"arte","status":"publish","type":"page","link":"https:\/\/www.montessorivalparaiso.org\/wawauta\/vida-escolar\/arte\/","title":{"rendered":"Arte"},"content":{"rendered":"<p>[vc_row css=&#8221;.vc_custom_1491472723216{margin-bottom: 20px !important;}&#8221;][vc_column css=&#8221;.vc_custom_1490090587979{margin-bottom: 0px !important;}&#8221;][vc_custom_heading text=&#8221;Arte&#8221; font_container=&#8221;tag:h1|text_align:left&#8221; use_theme_fonts=&#8221;yes&#8221; css=&#8221;.vc_custom_1516049946938{margin-top: 0px !important;margin-bottom: 20px !important;}&#8221;][vc_custom_heading text=&#8221;M\u00e1s que manualidades, las artes visuales como un motor de creatividad.&#8221; font_container=&#8221;tag:h4|text_align:left&#8221; use_theme_fonts=&#8221;yes&#8221;][vc_column_text]El \u00e1rea de expresi\u00f3n est\u00e1 integrado como un \u00e1rea m\u00e1s de nuestro sal\u00f3n de Wawa Uta, a trav\u00e9s de esta \u00e1rea los ni\u00f1@s encontrar\u00e1n las actividades necesarias para perfeccionar\u00a0 trazo, combinar colores y iniciarse a t\u00e9cnicas simples de estampado o pintura.<\/p>\n<p>En Taller implementamos horas especializadas para Artes Visuales. Estas horas est\u00e1n dise\u00f1adas para que los estudiantes conozcan parte de la historia del arte y desarrollen sus potencialidades creativas a partir de experiencias concretas, sean estas por desaf\u00edos individuales o proyectos colectivos los cuales estar\u00e1n integrados con el quehacer y la rutina semanal.[\/vc_column_text][vc_single_image image=&#8221;2456&#8243; img_size=&#8221;large&#8221; css_animation=&#8221;fadeIn&#8221;][\/vc_column][\/vc_row]<\/p>\n","protected":false},"excerpt":{"rendered":"<p>[vc_row css=&#8221;.vc_custom_1491472723216{margin-bottom: 20px !important;}&#8221;][vc_column css=&#8221;.vc_custom_1490090587979{margin-bottom: 0px !important;}&#8221;][vc_custom_heading text=&#8221;Arte&#8221; font_container=&#8221;tag:h1|text_align:left&#8221; use_theme_fonts=&#8221;yes&#8221; css=&#8221;.vc_custom_1516049946938{margin-top: 0px !important;margin-bottom: 20px !important;}&#8221;][vc_custom_heading text=&#8221;M\u00e1s que manualidades, las artes visuales como un motor de creatividad.&#8221; font_container=&#8221;tag:h4|text_align:left&#8221; use_theme_fonts=&#8221;yes&#8221;][vc_column_text]El \u00e1rea de expresi\u00f3n est\u00e1 integrado como un \u00e1rea m\u00e1s de nuestro sal\u00f3n de Wawa Uta, a trav\u00e9s&nbsp;<a href=\"https:\/\/www.montessorivalparaiso.org\/wawauta\/vida-escolar\/arte\/\">&hellip;<\/a><\/p>\n","protected":false},"author":2,"featured_media":0,"parent":1182,"menu_order":3,"comment_status":"closed","ping_status":"closed","template":"template-sidebar-right-childpages.php","meta":{"footnotes":""},"class_list":["post-1153","page","type-page","status-publish","hentry","odd"],"_links":{"self":[{"href":"https:\/\/www.montessorivalparaiso.org\/wawauta\/wp-json\/wp\/v2\/pages\/1153","targetHints":{"allow":["GET"]}}],"collection":[{"href":"https:\/\/www.montessorivalparaiso.org\/wawauta\/wp-json\/wp\/v2\/pages"}],"about":[{"href":"https:\/\/www.montessorivalparaiso.org\/wawauta\/wp-json\/wp\/v2\/types\/page"}],"author":[{"embeddable":true,"href":"https:\/\/www.montessorivalparaiso.org\/wawauta\/wp-json\/wp\/v2\/users\/2"}],"replies":[{"embeddable":true,"href":"https:\/\/www.montessorivalparaiso.org\/wawauta\/wp-json\/wp\/v2\/comments?post=1153"}],"version-history":[{"count":0,"href":"https:\/\/www.montessorivalparaiso.org\/wawauta\/wp-json\/wp\/v2\/pages\/1153\/revisions"}],"up":[{"embeddable":true,"href":"https:\/\/www.montessorivalparaiso.org\/wawauta\/wp-json\/wp\/v2\/pages\/1182"}],"wp:attachment":[{"href":"https:\/\/www.montessorivalparaiso.org\/wawauta\/wp-json\/wp\/v2\/media?parent=1153"}],"curies":[{"name":"wp","href":"https:\/\/api.w.org\/{rel}","templated":true}]}}